{"id":42311,"date":"2025-09-11T10:35:02","date_gmt":"2025-09-11T08:35:02","guid":{"rendered":"https:\/\/www.miravila.com\/product\/zold-pvc-h-28-cm\/"},"modified":"2025-09-11T16:36:05","modified_gmt":"2025-09-11T14:36:05","slug":"zold-pvc-h-28-cm","status":"publish","type":"product","link":"https:\/\/www.miravila.com\/hu\/termek\/zold-pvc-h-28-cm\/","title":{"rendered":"Z\u00d6LD PVC H-28 CM"},"content":{"rendered":"<p>A m\u0171z\u00f6lds\u00e9ges sz\u00e1r nagy k\u00f6r\u00fcltekint\u00e9ssel van megform\u00e1lva, ut\u00e1nozva a frissen szedett z\u00f6lds\u00e9geket. Jellemz\u0151 vil\u00e1gosz\u00f6ld sz\u00edn\u00e9vel, \u00e9leth\u0171 leveleivel \u00e9s term\u00e9szetes sz\u00e1rszerkezet\u00e9vel \u00fagy n\u00e9z ki, mint a val\u00f3di z\u00f6lds\u00e9g. Kiv\u00e1l\u00f3 dekorat\u00edv z\u00f6lds\u00e9gk\u00e9nt a konyh\u00e1ban, sz\u00e1llodai reggelikn\u00e9l, \u00e9ttermekben, \u00fczletek kirakat\u00e1ban, vagy mint kell\u00e9k az \u00e9telek f\u00e9nyk\u00e9pez\u00e9s\u00e9n\u00e9l.<\/p>\n<p>Magas min\u0151s\u00e9g\u0171, tart\u00f3s anyagb\u00f3l k\u00e9sz\u00fclt, amely meg\u0151rzi megjelen\u00e9s\u00e9t \u00e9s form\u00e1j\u00e1t k\u00fcl\u00f6n\u00f6s karbantart\u00e1s n\u00e9lk\u00fcl. Ez a m\u0171 \u00e9lelmiszer d\u00edsz\u00edt\u00e9sre praktikus megold\u00e1s mindazok sz\u00e1m\u00e1ra, akik term\u00e9szetes \u00e9s friss k\u00f6rnyezetet szeretn\u00e9nek l\u00e9trehozni an\u00e9lk\u00fcl, hogy val\u00f3di z\u00f6lds\u00e9geket kellene romland\u00f3v\u00e1 tenni\u00fck.<\/p>\n","protected":false},"excerpt":{"rendered":"<p>M\u0171anyag z\u00f6ld n\u00f6v\u00e9nyek \u2013 realisztikus z\u00f6lds\u00e9gdekor\u00e1ci\u00f3 konyh\u00e1khoz, hotelekhez, \u00e9ttermekhez \u00e9s \u00fczletek kirakataihoz.<\/p>\n","protected":false},"featured_media":41653,"comment_status":"closed","ping_status":"open","template":"","meta":[],"product_brand":[],"product_cat":[5328,5329],"product_tag":[],"class_list":{"0":"post-42311","1":"product","2":"type-product","3":"status-publish","4":"has-post-thumbnail","6":"product_cat-mesterseges-elelmiszeri-elelmiszer","7":"product_cat-zoldseg-mesterseges-elelmiszeri-elelmiszer","9":"first","10":"outofstock","11":"taxable","12":"shipping-taxable","13":"purchasable","14":"product-type-simple"},"_links":{"self":[{"href":"https:\/\/www.miravila.com\/hu\/wp-json\/wp\/v2\/product\/42311","targetHints":{"allow":["GET"]}}],"collection":[{"href":"https:\/\/www.miravila.com\/hu\/wp-json\/wp\/v2\/product"}],"about":[{"href":"https:\/\/www.miravila.com\/hu\/wp-json\/wp\/v2\/types\/product"}],"replies":[{"embeddable":true,"href":"https:\/\/www.miravila.com\/hu\/wp-json\/wp\/v2\/comments?post=42311"}],"wp:featuredmedia":[{"embeddable":true,"href":"https:\/\/www.miravila.com\/hu\/wp-json\/wp\/v2\/media\/41653"}],"wp:attachment":[{"href":"https:\/\/www.miravila.com\/hu\/wp-json\/wp\/v2\/media?parent=42311"}],"wp:term":[{"taxonomy":"product_brand","embeddable":true,"href":"https:\/\/www.miravila.com\/hu\/wp-json\/wp\/v2\/product_brand?post=42311"},{"taxonomy":"product_cat","embeddable":true,"href":"https:\/\/www.miravila.com\/hu\/wp-json\/wp\/v2\/product_cat?post=42311"},{"taxonomy":"product_tag","embeddable":true,"href":"https:\/\/www.miravila.com\/hu\/wp-json\/wp\/v2\/product_tag?post=42311"}],"curies":[{"name":"wp","href":"https:\/\/api.w.org\/{rel}","templated":true}]}}

ZÖLD PVC H-28 CM

<p>A műzöldséges szár nagy körültekintéssel van megformálva, utánozva a frissen szedett zöldségeket. Jellemző világoszöld színével, élethű leveleivel és természetes szárszerkezetével úgy néz ki, mint a valódi zöldség. Kiváló dekoratív zöldségként a konyhában, szállodai reggeliknél, éttermekben, üzletek kirakatában, vagy mint kellék az ételek fényképezésénél.</p>
<p>Magas minőségű, tartós anyagból készült, amely megőrzi megjelenését és formáját különös karbantartás nélkül. Ez a mű élelmiszer díszítésre praktikus megoldás mindazok számára, akik természetes és friss környezetet szeretnének létrehozni anélkül, hogy valódi zöldségeket kellene romlandóvá tenniük.</p>

<p>Műanyag zöld növények – realisztikus zöldségdekoráció konyhákhoz, hotelekhez, éttermekhez és üzletek kirakataihoz.</p>
