{"id":42302,"date":"2025-09-11T10:34:55","date_gmt":"2025-09-11T08:34:55","guid":{"rendered":"https:\/\/www.miravila.com\/product\/mango-kereszt-13-cm-narancs-sarga\/"},"modified":"2025-09-11T16:36:01","modified_gmt":"2025-09-11T14:36:01","slug":"mango-kereszt-13-cm-narancs-sarga","status":"publish","type":"product","link":"https:\/\/www.miravila.com\/hu\/termek\/mango-kereszt-13-cm-narancs-sarga\/","title":{"rendered":"MANGO KERESZT 13 CM NARANCS-S\u00c1RGA"},"content":{"rendered":"<p>Ez a m\u0171 mang\u00f3 nagy precizit\u00e1ssal k\u00e9sz\u00fclt, \u00e9s a friss tr\u00f3pusi gy\u00fcm\u00f6lcs megjelen\u00e9s\u00e9t ut\u00e1nozza. A jellegzetes form\u00e1j\u00e1val, narancss\u00e1rga-s\u00e1rga \u00e1rnyalataival \u00e9s enyhe z\u00f6ld \u00e1tmeneteivel teljesen \u00e9leth\u0171 benyom\u00e1st kelt. Dekorat\u00edv gy\u00fcm\u00f6lcsk\u00e9nt alkalmas konyh\u00e1kba, sz\u00e1llodai reggelikhez, \u00e9ttermekbe, \u00fczletek kirakat\u00e1ba, vagy mint kell\u00e9k az \u00e9telfot\u00f3z\u00e1shoz.<\/p>\n<p>Tart\u00f3s \u00e9s kvalit\u00e1sos anyagb\u00f3l k\u00e9sz\u00fclt, amely hossz\u00fa ideig meg\u0151rzi sz\u00edn\u00e9t \u00e9s form\u00e1j\u00e1t k\u00fcl\u00f6n\u00f6sebb karbantart\u00e1s n\u00e9lk\u00fcl. Ez a dekor\u00e1ci\u00f3s m\u0171gy\u00fcm\u00f6lcs kiv\u00e1l\u00f3 v\u00e1laszt\u00e1s mindazok sz\u00e1m\u00e1ra, akik tr\u00f3pusi hangulatot szeretn\u00e9nek vinni a t\u00e9rbe an\u00e9lk\u00fcl, hogy a val\u00f3di gy\u00fcm\u00f6lcs roml\u00e1s\u00e1val kellene foglalkozniuk.<\/p>\n","protected":false},"excerpt":{"rendered":"<p>M\u0171anyag mang\u00f3 \u2013 re\u00e1lis tr\u00f3pusi gy\u00fcm\u00f6lcs dekor\u00e1ci\u00f3 otthonra, \u00e9ttermekbe, sz\u00e1llod\u00e1kba \u00e9s \u00fczletek kirakat\u00e1ba.<\/p>\n","protected":false},"featured_media":41384,"comment_status":"closed","ping_status":"open","template":"","meta":[],"product_brand":[],"product_cat":[5309,5308],"product_tag":[],"class_list":{"0":"post-42302","1":"product","2":"type-product","3":"status-publish","4":"has-post-thumbnail","6":"product_cat-gyumolcs-mesterseges-elelmiszer","7":"product_cat-mesterseges-elelmiszer","9":"first","10":"instock","11":"taxable","12":"shipping-taxable","13":"purchasable","14":"product-type-simple"},"_links":{"self":[{"href":"https:\/\/www.miravila.com\/hu\/wp-json\/wp\/v2\/product\/42302","targetHints":{"allow":["GET"]}}],"collection":[{"href":"https:\/\/www.miravila.com\/hu\/wp-json\/wp\/v2\/product"}],"about":[{"href":"https:\/\/www.miravila.com\/hu\/wp-json\/wp\/v2\/types\/product"}],"replies":[{"embeddable":true,"href":"https:\/\/www.miravila.com\/hu\/wp-json\/wp\/v2\/comments?post=42302"}],"wp:featuredmedia":[{"embeddable":true,"href":"https:\/\/www.miravila.com\/hu\/wp-json\/wp\/v2\/media\/41384"}],"wp:attachment":[{"href":"https:\/\/www.miravila.com\/hu\/wp-json\/wp\/v2\/media?parent=42302"}],"wp:term":[{"taxonomy":"product_brand","embeddable":true,"href":"https:\/\/www.miravila.com\/hu\/wp-json\/wp\/v2\/product_brand?post=42302"},{"taxonomy":"product_cat","embeddable":true,"href":"https:\/\/www.miravila.com\/hu\/wp-json\/wp\/v2\/product_cat?post=42302"},{"taxonomy":"product_tag","embeddable":true,"href":"https:\/\/www.miravila.com\/hu\/wp-json\/wp\/v2\/product_tag?post=42302"}],"curies":[{"name":"wp","href":"https:\/\/api.w.org\/{rel}","templated":true}]}}

MANGO KERESZT 13 CM NARANCS-SÁRGA

<p>Ez a mű mangó nagy precizitással készült, és a friss trópusi gyümölcs megjelenését utánozza. A jellegzetes formájával, narancssárga-sárga árnyalataival és enyhe zöld átmeneteivel teljesen élethű benyomást kelt. Dekoratív gyümölcsként alkalmas konyhákba, szállodai reggelikhez, éttermekbe, üzletek kirakatába, vagy mint kellék az ételfotózáshoz.</p>
<p>Tartós és kvalitásos anyagból készült, amely hosszú ideig megőrzi színét és formáját különösebb karbantartás nélkül. Ez a dekorációs műgyümölcs kiváló választás mindazok számára, akik trópusi hangulatot szeretnének vinni a térbe anélkül, hogy a valódi gyümölcs romlásával kellene foglalkozniuk.</p>

<p>Műanyag mangó – reális trópusi gyümölcs dekoráció otthonra, éttermekbe, szállodákba és üzletek kirakatába.</p>
