{"id":42295,"date":"2025-09-11T10:34:55","date_gmt":"2025-09-11T08:34:55","guid":{"rendered":"https:\/\/www.miravila.com\/product\/narancs-duka-virag-d-13-cm-x-1\/"},"modified":"2025-09-11T16:35:59","modified_gmt":"2025-09-11T14:35:59","slug":"narancs-duka-virag-d-13-cm-x-1","status":"publish","type":"product","link":"https:\/\/www.miravila.com\/hu\/termek\/narancs-duka-virag-d-13-cm-x-1\/","title":{"rendered":"NARANCS DUKA+ VIR\u00c1G D-13 CM X 1"},"content":{"rendered":"<p>Ez a m\u0171 narancs levelekkel \u00e9s feh\u00e9r vir\u00e1ggal rendk\u00edv\u00fcl \u00e9leth\u0171 dekor\u00e1ci\u00f3, amely frissess\u00e9get \u00e9s eleganci\u00e1t ad a t\u00e9rnek. A h\u00e9j pontos text\u00far\u00e1ja, a term\u00e9szetes narancss\u00e1rga sz\u00edn \u00e9s a levelek, valamint a vir\u00e1g hozz\u00e1ad\u00e1sa t\u00f6k\u00e9letess\u00e9 teszi a konyh\u00e1ban, \u00e9ttermekben, sz\u00e1llodai reggelikn\u00e9l, boltki\u00e1ll\u00edt\u00e1sokn\u00e1l vagy \u00e9telfot\u00f3z\u00e1sn\u00e1l haszn\u00e1lt dekorat\u00edv gy\u00fcm\u00f6lcsnek. <\/p>\n<p>Min\u0151s\u00e9gi anyagb\u00f3l k\u00e9sz\u00fclt, amely tart\u00f3s, k\u00f6nnyen tiszt\u00edthat\u00f3 \u00e9s nem ig\u00e9nyel k\u00fcl\u00f6n\u00f6sebb karbantart\u00e1st. A narancs meg\u0151rzi sz\u00edn\u00e9t \u00e9s form\u00e1j\u00e1t az \u00e9vek sor\u00e1n, \u00edgy kiv\u00e1l\u00f3 alternat\u00edv\u00e1ja a gyorsan romland\u00f3 val\u00f3di gy\u00fcm\u00f6lcsnek.<\/p>\n","protected":false},"excerpt":{"rendered":"<p>M\u0171narancs levelekkel \u00e9s vir\u00e1ggal \u2013 realisztikus gy\u00fcm\u00f6lcsd\u00edsz\u00edt\u00e9s otthonra, ki\u00e1ll\u00edt\u00e1sokra \u00e9s \u00e9ttermekbe.<\/p>\n","protected":false},"featured_media":41221,"comment_status":"closed","ping_status":"open","template":"","meta":[],"product_brand":[],"product_cat":[5309,5308],"product_tag":[],"class_list":{"0":"post-42295","1":"product","2":"type-product","3":"status-publish","4":"has-post-thumbnail","6":"product_cat-gyumolcs-mesterseges-elelmiszer","7":"product_cat-mesterseges-elelmiszer","9":"first","10":"instock","11":"taxable","12":"shipping-taxable","13":"purchasable","14":"product-type-simple"},"_links":{"self":[{"href":"https:\/\/www.miravila.com\/hu\/wp-json\/wp\/v2\/product\/42295","targetHints":{"allow":["GET"]}}],"collection":[{"href":"https:\/\/www.miravila.com\/hu\/wp-json\/wp\/v2\/product"}],"about":[{"href":"https:\/\/www.miravila.com\/hu\/wp-json\/wp\/v2\/types\/product"}],"replies":[{"embeddable":true,"href":"https:\/\/www.miravila.com\/hu\/wp-json\/wp\/v2\/comments?post=42295"}],"wp:featuredmedia":[{"embeddable":true,"href":"https:\/\/www.miravila.com\/hu\/wp-json\/wp\/v2\/media\/41221"}],"wp:attachment":[{"href":"https:\/\/www.miravila.com\/hu\/wp-json\/wp\/v2\/media?parent=42295"}],"wp:term":[{"taxonomy":"product_brand","embeddable":true,"href":"https:\/\/www.miravila.com\/hu\/wp-json\/wp\/v2\/product_brand?post=42295"},{"taxonomy":"product_cat","embeddable":true,"href":"https:\/\/www.miravila.com\/hu\/wp-json\/wp\/v2\/product_cat?post=42295"},{"taxonomy":"product_tag","embeddable":true,"href":"https:\/\/www.miravila.com\/hu\/wp-json\/wp\/v2\/product_tag?post=42295"}],"curies":[{"name":"wp","href":"https:\/\/api.w.org\/{rel}","templated":true}]}}

NARANCS DUKA+ VIRÁG D-13 CM X 1

<p>Ez a mű narancs levelekkel és fehér virággal rendkívül élethű dekoráció, amely frissességet és eleganciát ad a térnek. A héj pontos textúrája, a természetes narancssárga szín és a levelek, valamint a virág hozzáadása tökéletessé teszi a konyhában, éttermekben, szállodai reggeliknél, boltkiállításoknál vagy ételfotózásnál használt dekoratív gyümölcsnek. </p>
<p>Minőségi anyagból készült, amely tartós, könnyen tisztítható és nem igényel különösebb karbantartást. A narancs megőrzi színét és formáját az évek során, így kiváló alternatívája a gyorsan romlandó valódi gyümölcsnek.</p>

<p>Műnarancs levelekkel és virággal – realisztikus gyümölcsdíszítés otthonra, kiállításokra és éttermekbe.</p>
