{"id":39131,"date":"2024-11-11T16:40:51","date_gmt":"2024-11-12T09:48:40","guid":{"rendered":"https:\/\/www.miravila.com\/product\/diszgombok-uveges-fenyes-matt-vegyes\/"},"modified":"2024-11-13T08:38:14","modified_gmt":"2024-11-13T07:38:14","slug":"diszgombok-uveges-fenyes-matt-vegyes","status":"publish","type":"product","link":"https:\/\/www.miravila.com\/hu\/termek\/diszgombok-uveges-fenyes-matt-vegyes\/","title":{"rendered":"D\u00edszg\u00f6mb\u00f6k \u00fcveges f\u00e9nyes, matt vegyes"},"content":{"rendered":"","protected":false},"excerpt":{"rendered":"<p>A d\u00edszg\u00f6mb\u00f6k \u00fcvegb\u0151l, f\u00e9nyes \u00e9s matt vegyes sz\u00ednekben, t\u00f6k\u00e9letes kieg\u00e9sz\u00edt\u0151k otthona vagy \u00fcnnepi f\u00e1ja d\u00edsz\u00edt\u00e9s\u00e9hez. Magas min\u0151s\u00e9g\u0171 \u00fcvegb\u0151l k\u00e9sz\u00fcltek, ezek a g\u00f6mb\u00f6k ellen\u00e1ll\u00f3ak \u00e9s tart\u00f3sak. F\u00e9nyess\u00e9g\u00fck \u00e9s matt fel\u00fclet\u00fck \u00e9rdekes kontrasztot teremt, amely mindenki figyelm\u00e9t felkelt. A vegyes sz\u00ednek lehet\u0151v\u00e9 teszik, hogy ezek a g\u00f6mb\u00f6k alkalmazkodjanak a k\u00fcl\u00f6nb\u00f6z\u0151 d\u00edsz\u00edt\u00e9si t\u00e9m\u00e1khoz \u00e9s st\u00edlusokhoz. Csod\u00e1latos f\u00e9ny\u00fck biztosan \u00fcnnepi hangulatot \u00e9s eleganci\u00e1t ad az otthon\u00e1nak. Ak\u00e1r a f\u00e1t, koszor\u00fat vagy asztalt d\u00edsz\u00edti vel\u00fck, ezek a d\u00edszg\u00f6mb\u00f6k egy csipetnyi glamourot \u00e9s sz\u00e9ps\u00e9get hoznak minden t\u00e9rbe.<\/p>\n","protected":false},"featured_media":36875,"comment_status":"closed","ping_status":"open","template":"","meta":[],"product_brand":[],"product_cat":[2034,3678],"product_tag":[5073,5070,5071],"class_list":{"0":"post-39131","1":"product","2":"type-product","3":"status-publish","4":"has-post-thumbnail","6":"product_cat-karacsony","7":"product_cat-ujevi-diszek","8":"product_tag-adventi-frissesseg-kollekcio","9":"product_tag-green-elegance-kollekcio","10":"product_tag-gyujtemeny-hagyomanyos-karacsony","11":"pa_barva-zold","12":"pa_velikost-8-hu","14":"first","15":"outofstock","16":"taxable","17":"shipping-taxable","18":"purchasable","19":"product-type-simple"},"_links":{"self":[{"href":"https:\/\/www.miravila.com\/hu\/wp-json\/wp\/v2\/product\/39131","targetHints":{"allow":["GET"]}}],"collection":[{"href":"https:\/\/www.miravila.com\/hu\/wp-json\/wp\/v2\/product"}],"about":[{"href":"https:\/\/www.miravila.com\/hu\/wp-json\/wp\/v2\/types\/product"}],"replies":[{"embeddable":true,"href":"https:\/\/www.miravila.com\/hu\/wp-json\/wp\/v2\/comments?post=39131"}],"wp:featuredmedia":[{"embeddable":true,"href":"https:\/\/www.miravila.com\/hu\/wp-json\/wp\/v2\/media\/36875"}],"wp:attachment":[{"href":"https:\/\/www.miravila.com\/hu\/wp-json\/wp\/v2\/media?parent=39131"}],"wp:term":[{"taxonomy":"product_brand","embeddable":true,"href":"https:\/\/www.miravila.com\/hu\/wp-json\/wp\/v2\/product_brand?post=39131"},{"taxonomy":"product_cat","embeddable":true,"href":"https:\/\/www.miravila.com\/hu\/wp-json\/wp\/v2\/product_cat?post=39131"},{"taxonomy":"product_tag","embeddable":true,"href":"https:\/\/www.miravila.com\/hu\/wp-json\/wp\/v2\/product_tag?post=39131"}],"curies":[{"name":"wp","href":"https:\/\/api.w.org\/{rel}","templated":true}]}}

Díszgömbök üveges fényes, matt vegyes

<p>A díszgömbök üvegből, fényes és matt vegyes színekben, tökéletes kiegészítők otthona vagy ünnepi fája díszítéséhez. Magas minőségű üvegből készültek, ezek a gömbök ellenállóak és tartósak. Fényességük és matt felületük érdekes kontrasztot teremt, amely mindenki figyelmét felkelt. A vegyes színek lehetővé teszik, hogy ezek a gömbök alkalmazkodjanak a különböző díszítési témákhoz és stílusokhoz. Csodálatos fényük biztosan ünnepi hangulatot és eleganciát ad az otthonának. Akár a fát, koszorút vagy asztalt díszíti velük, ezek a díszgömbök egy csipetnyi glamourot és szépséget hoznak minden térbe.</p>
