{"id":38986,"date":"2024-11-11T16:40:51","date_gmt":"2024-11-12T09:46:13","guid":{"rendered":"https:\/\/www.miravila.com\/product\/matt-uveg-diszgombok-droton-2\/"},"modified":"2024-11-13T08:38:11","modified_gmt":"2024-11-13T07:38:11","slug":"matt-uveg-diszgombok-droton-2","status":"publish","type":"product","link":"https:\/\/www.miravila.com\/hu\/termek\/matt-uveg-diszgombok-droton-2\/","title":{"rendered":"Matt \u00fcveg d\u00edszg\u00f6mb\u00f6k dr\u00f3ton"},"content":{"rendered":"","protected":false},"excerpt":{"rendered":"<p>Az matt \u00fcvegb\u0151l k\u00e9sz\u00fclt d\u00edszg\u00f6mb\u00f6k dr\u00f3ton kiv\u00e1l\u00f3 kieg\u00e9sz\u00edt\u0151k otthona vagy k\u00fcl\u00f6nleges esem\u00e9nyek feldob\u00e1s\u00e1hoz. Magas min\u0151s\u00e9g\u0171 matt \u00fcvegb\u0151l k\u00e9sz\u00fclnek, ami eleg\u00e1ns megjelen\u00e9st k\u00f6lcs\u00f6n\u00f6z. A g\u00f6mb\u00f6k dr\u00f3tra vannak r\u00f6gz\u00edtve, ami lehet\u0151v\u00e9 teszi, hogy k\u00f6nnyen r\u00f6gz\u00edtse \u0151ket k\u00fcl\u00f6nb\u00f6z\u0151 fel\u00fcletekre. K\u00fcl\u00f6nb\u00f6z\u0151 sz\u00ednekben \u00e9s m\u00e9retekben kaphat\u00f3k, \u00edgy kiv\u00e1laszthatja azokat, amelyek a legjobban illeszkednek \u00edzl\u00e9s\u00e9hez \u00e9s st\u00edlus\u00e1hoz. A matt \u00fcvegb\u0151l k\u00e9sz\u00fclt d\u00edszg\u00f6mb\u00f6k dr\u00f3ton ide\u00e1lis m\u00f3dja annak, hogy n\u00e9mi csillog\u00e1st \u00e9s eleganci\u00e1t adjon a t\u00e9rhez vagy k\u00fcl\u00f6nleges esem\u00e9nyhez.<\/p>\n","protected":false},"featured_media":36900,"comment_status":"closed","ping_status":"open","template":"","meta":[],"product_brand":[],"product_cat":[2034,3678],"product_tag":[5081,5078,5071,5075],"class_list":{"0":"post-38986","1":"product","2":"type-product","3":"status-publish","4":"has-post-thumbnail","6":"product_cat-karacsony","7":"product_cat-ujevi-diszek","8":"product_tag-a-diotoro-kollekcio","9":"product_tag-candy-cane-gyujtemeny","10":"product_tag-gyujtemeny-hagyomanyos-karacsony","11":"product_tag-karacsonyi-otthoni-kollekcio","12":"pa_barva-piros","13":"pa_velikost-2-cm-hu","15":"first","16":"instock","17":"taxable","18":"shipping-taxable","19":"purchasable","20":"product-type-simple"},"_links":{"self":[{"href":"https:\/\/www.miravila.com\/hu\/wp-json\/wp\/v2\/product\/38986","targetHints":{"allow":["GET"]}}],"collection":[{"href":"https:\/\/www.miravila.com\/hu\/wp-json\/wp\/v2\/product"}],"about":[{"href":"https:\/\/www.miravila.com\/hu\/wp-json\/wp\/v2\/types\/product"}],"replies":[{"embeddable":true,"href":"https:\/\/www.miravila.com\/hu\/wp-json\/wp\/v2\/comments?post=38986"}],"wp:featuredmedia":[{"embeddable":true,"href":"https:\/\/www.miravila.com\/hu\/wp-json\/wp\/v2\/media\/36900"}],"wp:attachment":[{"href":"https:\/\/www.miravila.com\/hu\/wp-json\/wp\/v2\/media?parent=38986"}],"wp:term":[{"taxonomy":"product_brand","embeddable":true,"href":"https:\/\/www.miravila.com\/hu\/wp-json\/wp\/v2\/product_brand?post=38986"},{"taxonomy":"product_cat","embeddable":true,"href":"https:\/\/www.miravila.com\/hu\/wp-json\/wp\/v2\/product_cat?post=38986"},{"taxonomy":"product_tag","embeddable":true,"href":"https:\/\/www.miravila.com\/hu\/wp-json\/wp\/v2\/product_tag?post=38986"}],"curies":[{"name":"wp","href":"https:\/\/api.w.org\/{rel}","templated":true}]}}

Matt üveg díszgömbök dróton

<p>Az matt üvegből készült díszgömbök dróton kiváló kiegészítők otthona vagy különleges események feldobásához. Magas minőségű matt üvegből készülnek, ami elegáns megjelenést kölcsönöz. A gömbök drótra vannak rögzítve, ami lehetővé teszi, hogy könnyen rögzítse őket különböző felületekre. Különböző színekben és méretekben kaphatók, így kiválaszthatja azokat, amelyek a legjobban illeszkednek ízléséhez és stílusához. A matt üvegből készült díszgömbök dróton ideális módja annak, hogy némi csillogást és eleganciát adjon a térhez vagy különleges eseményhez.</p>
