{"id":38863,"date":"2024-11-11T16:48:45","date_gmt":"2024-11-12T09:44:20","guid":{"rendered":"https:\/\/www.miravila.com\/product\/korte-uveg-atlatszo-feher-dekor-h-135x63\/"},"modified":"2024-11-13T08:36:47","modified_gmt":"2024-11-13T07:36:47","slug":"korte-uveg-atlatszo-feher-dekor-h-135x63","status":"publish","type":"product","link":"https:\/\/www.miravila.com\/hu\/termek\/korte-uveg-atlatszo-feher-dekor-h-135x63\/","title":{"rendered":"K\u00f6rte-\u00dcveg \u00e1tl\u00e1tsz\u00f3 feh\u00e9r dekor h-13,5&#215;6,3"},"content":{"rendered":"","protected":false},"excerpt":{"rendered":"","protected":false},"featured_media":37642,"comment_status":"closed","ping_status":"open","template":"","meta":[],"product_brand":[],"product_cat":[2034,3678],"product_tag":[5080,5073,5074],"class_list":{"0":"post-38863","1":"product","2":"type-product","3":"status-publish","4":"has-post-thumbnail","6":"product_cat-karacsony","7":"product_cat-ujevi-diszek","8":"product_tag-a-jegtunder-kollekcio","9":"product_tag-adventi-frissesseg-kollekcio","10":"product_tag-feher-karacsonyi-kollekcio","11":"pa_barva-atlatszo","12":"pa_barva-feher","13":"pa_velikost-13-hu","15":"first","16":"instock","17":"taxable","18":"shipping-taxable","19":"purchasable","20":"product-type-simple"},"_links":{"self":[{"href":"https:\/\/www.miravila.com\/hu\/wp-json\/wp\/v2\/product\/38863","targetHints":{"allow":["GET"]}}],"collection":[{"href":"https:\/\/www.miravila.com\/hu\/wp-json\/wp\/v2\/product"}],"about":[{"href":"https:\/\/www.miravila.com\/hu\/wp-json\/wp\/v2\/types\/product"}],"replies":[{"embeddable":true,"href":"https:\/\/www.miravila.com\/hu\/wp-json\/wp\/v2\/comments?post=38863"}],"wp:featuredmedia":[{"embeddable":true,"href":"https:\/\/www.miravila.com\/hu\/wp-json\/wp\/v2\/media\/37642"}],"wp:attachment":[{"href":"https:\/\/www.miravila.com\/hu\/wp-json\/wp\/v2\/media?parent=38863"}],"wp:term":[{"taxonomy":"product_brand","embeddable":true,"href":"https:\/\/www.miravila.com\/hu\/wp-json\/wp\/v2\/product_brand?post=38863"},{"taxonomy":"product_cat","embeddable":true,"href":"https:\/\/www.miravila.com\/hu\/wp-json\/wp\/v2\/product_cat?post=38863"},{"taxonomy":"product_tag","embeddable":true,"href":"https:\/\/www.miravila.com\/hu\/wp-json\/wp\/v2\/product_tag?post=38863"}],"curies":[{"name":"wp","href":"https:\/\/api.w.org\/{rel}","templated":true}]}}

Körte-Üveg átlátszó fehér dekor h-13,5&#215;6,3
